{"id":4145,"date":"2018-03-07T04:10:59","date_gmt":"2018-03-07T04:10:59","guid":{"rendered":"http:\/\/www.megasis.com.mx\/home\/?page_id=4145"},"modified":"2023-05-17T03:53:06","modified_gmt":"2023-05-17T03:53:06","slug":"licenciamiento","status":"publish","type":"page","link":"https:\/\/www.megasis.com.mx\/home\/licenciamiento\/","title":{"rendered":"Licenciamiento"},"content":{"rendered":"<section class=\"l-section wpb_row us_custom_2c489c73 has_text_color height_huge with_img parallax_ver parallax_xpos_right\"><div class=\"l-section-img\" data-img-width=\"1600\" data-img-height=\"600\" style=\"background-image: url(https:\/\/www.megasis.com.mx\/home\/wp-content\/uploads\/2018\/03\/licenciamiento-banner-lq-1.jpg);background-position: top right;background-repeat: no-repeat;background-size: contain;\"><\/div><div class=\"l-section-h i-cf\"><div class=\"g-cols vc_row via_grid cols_2 laptops-cols_inherit tablets-cols_inherit mobiles-cols_1 valign_top type_default stacking_default\"><div class=\"wpb_column vc_column_container\"><div class=\"vc_column-inner\"><div class=\"wpb_text_column us_custom_c1d48d67\"><div class=\"wpb_wrapper\"><blockquote>\n<h1><strong>LICENCIAMIENTO<\/strong><\/h1>\n<\/blockquote>\n<p><b>Cuente con las herramientas adecuadas para el trabajo y cumpla la normatividad vigente al mismo tiempo<\/b><\/p>\n<\/div><\/div><\/div><\/div><div class=\"wpb_column vc_column_container\"><div class=\"vc_column-inner\"><\/div><\/div><\/div><\/div><\/section><section class=\"l-section wpb_row height_huge\"><div class=\"l-section-h i-cf\"><div class=\"g-cols vc_row via_grid cols_1 laptops-cols_inherit tablets-cols_inherit mobiles-cols_1 valign_top type_default stacking_default\"><div class=\"wpb_column vc_column_container\"><div class=\"vc_column-inner\"><div class=\"g-cols wpb_row via_grid cols_2 laptops-cols_inherit tablets-cols_inherit mobiles-cols_1 valign_top type_default stacking_default\"><div class=\"wpb_column vc_column_container\"><div class=\"vc_column-inner\"><div class=\"wpb_text_column\"><div class=\"wpb_wrapper\"><h3>\u201cUNA ESTRATEGIA BUENA RECONOCE LOS DESAF\u00cdOS A LOS QUE SE ENFRENTA Y OFRECE UN ENFOQUE PARA SUPERARLOS\u201d<\/h3>\n<p>&#8212; Richard Rumelt, Te\u00f3rico Organizacional Estadounidense<\/p>\n<\/div><\/div><\/div><\/div><div class=\"wpb_column vc_column_container\"><div class=\"vc_column-inner\"><div class=\"wpb_text_column\"><div class=\"wpb_wrapper\"><blockquote>\n<p>MEJORE SU PRODUCTIVIDAD CON HERRAMIENTAS MODERNAS QUE LE PERMITAN LOGRAR SUS OBJETIVOS<\/p>\n<\/blockquote>\n<p>A trav\u00e9s de nuestros servicios profesionales de consultor\u00eda de licenciamiento de software, te ayudamos a definir, elegir, planificar e implementar licenciamiento basado en las necesidades de tu organizaci\u00f3n, con la finalidad de que las personas cuenten con las herramientas adecuadas, en un esquema de pago flexible y cubriendo el cumplimiento normativo vigente.<\/p>\n<\/div><\/div><\/div><\/div><\/div><div class=\"g-cols wpb_row via_grid cols_1 laptops-cols_inherit tablets-cols_inherit mobiles-cols_1 valign_top type_default stacking_default\"><div class=\"wpb_column vc_column_container\"><div class=\"vc_column-inner\"><div class=\"w-separator size_medium with_line width_default thick_1 style_solid color_border align_center\"><div class=\"w-separator-h\"><\/div><\/div><div class=\"wpb_text_column\"><div class=\"wpb_wrapper\"><h2>LICENCIAMIENTO<\/h2>\n<\/div><\/div><div class=\"w-separator size_custom\" style=\"height:20px\"><\/div><\/div><\/div><\/div><div class=\"g-cols wpb_row via_grid cols_3 laptops-cols_inherit tablets-cols_inherit mobiles-cols_1 valign_top type_default stacking_default\"><div class=\"wpb_column vc_column_container\"><div class=\"vc_column-inner\"><div class=\"w-flipbox animation_coveropen direction_n\"><div class=\"w-flipbox-h easing_ease\" style=\"transition-duration:0.5s;\"><div class=\"w-flipbox-hh\"><div class=\"w-flipbox-front\" style=\"background:#5b5b5b;color:#ffffff;\"><div class=\"w-flipbox-front-h\"><div class=\"w-flipbox-front-icon type_image\" style=\"width:128px;\"><img width=\"256\" height=\"256\" src=\"https:\/\/www.megasis.com.mx\/home\/wp-content\/uploads\/2017\/08\/windows.png\" class=\"attachment-medium size-medium\" alt=\"logo windows\" decoding=\"async\" loading=\"lazy\" srcset=\"https:\/\/www.megasis.com.mx\/home\/wp-content\/uploads\/2017\/08\/windows.png 256w, https:\/\/www.megasis.com.mx\/home\/wp-content\/uploads\/2017\/08\/windows-150x150.png 150w\" sizes=\"(max-width: 256px) 100vw, 256px\" \/><\/div><h4 class=\"w-flipbox-front-title\">Licenciamiento Microsoft<\/h4><div class=\"w-flipbox-front-desc\"><p>Licenciamientos mensuales, anuales o perpetuos; con excelentes precios para sector privado, gobierno y educativo.<\/p>\n<\/div><\/div><\/div><div class=\"w-flipbox-back\" style=\"display:none;\"><div class=\"w-flipbox-back-h\"><h4 class=\"w-flipbox-back-title\">Licenciamiento Microsoft<\/h4><div class=\"w-flipbox-back-desc\"><p>Contamos con toda la linea de productos Microsoft en diversas opciones de adquisici\u00f3n para su negocio. Productos tales como Microsoft Office 365, Project, Visio, SQL Server, Windows, Windows Server, Visual Studio, entre otros.<\/p>\n<\/div><\/div><\/div><\/div><\/div><\/div><\/div><\/div><div class=\"wpb_column vc_column_container\"><div class=\"vc_column-inner\"><div class=\"w-flipbox animation_coveropen direction_n\"><div class=\"w-flipbox-h easing_ease\" style=\"transition-duration:0.5s;\"><div class=\"w-flipbox-hh\"><div class=\"w-flipbox-front\" style=\"background:#5b5b5b;color:#ffffff;\"><div class=\"w-flipbox-front-h\"><div class=\"w-flipbox-front-icon type_image\" style=\"width:128px;\"><img width=\"256\" height=\"256\" src=\"https:\/\/www.megasis.com.mx\/home\/wp-content\/uploads\/2017\/08\/adobe.png\" class=\"attachment-medium size-medium\" alt=\"Adobe Logo White\" decoding=\"async\" loading=\"lazy\" srcset=\"https:\/\/www.megasis.com.mx\/home\/wp-content\/uploads\/2017\/08\/adobe.png 256w, https:\/\/www.megasis.com.mx\/home\/wp-content\/uploads\/2017\/08\/adobe-150x150.png 150w\" sizes=\"(max-width: 256px) 100vw, 256px\" \/><\/div><h4 class=\"w-flipbox-front-title\">Licenciamiento Adobe<\/h4><div class=\"w-flipbox-front-desc\"><p>Licenciamientos anuales o perpetuos (s\u00f3lo Acrobat); con atractivas opciones para sector privado, gobierno y educativo.<\/p>\n<\/div><\/div><\/div><div class=\"w-flipbox-back\" style=\"display:none;\"><div class=\"w-flipbox-back-h\"><h4 class=\"w-flipbox-back-title\">Licenciamiento de Adobe<\/h4><div class=\"w-flipbox-back-desc\"><p>Le ofrecemos Adobe Creative Cloud y Adobe Acrobat DC en modalidad de suscripci\u00f3n anual. As\u00ed mismo puede adquirir Adobe Acrobat de manera perpetua.<\/p>\n<\/div><\/div><\/div><\/div><\/div><\/div><\/div><\/div><div class=\"wpb_column vc_column_container\"><div class=\"vc_column-inner\"><div class=\"w-flipbox animation_coveropen direction_n\"><div class=\"w-flipbox-h easing_ease\" style=\"transition-duration:0.5s;\"><div class=\"w-flipbox-hh\"><div class=\"w-flipbox-front\" style=\"background:#5b5b5b;color:#ffffff;\"><div class=\"w-flipbox-front-h\"><div class=\"w-flipbox-front-icon type_image\" style=\"width:128px;\"><img width=\"256\" height=\"256\" src=\"https:\/\/www.megasis.com.mx\/home\/wp-content\/uploads\/2017\/08\/antivirus.png\" class=\"attachment-medium size-medium\" alt=\"antivirus\" decoding=\"async\" loading=\"lazy\" srcset=\"https:\/\/www.megasis.com.mx\/home\/wp-content\/uploads\/2017\/08\/antivirus.png 256w, https:\/\/www.megasis.com.mx\/home\/wp-content\/uploads\/2017\/08\/antivirus-150x150.png 150w\" sizes=\"(max-width: 256px) 100vw, 256px\" \/><\/div><h4 class=\"w-flipbox-front-title\">Licenciamiento de Antivirus<\/h4><div class=\"w-flipbox-front-desc\"><p>Suscripciones anuales de antivirus empresariales, con atractivos descuentos por periodo y renovaci\u00f3n.<\/p>\n<\/div><\/div><\/div><div class=\"w-flipbox-back\" style=\"display:none;\"><div class=\"w-flipbox-back-h\"><h4 class=\"w-flipbox-back-title\">Licenciamiento de Antivirus<\/h4><div class=\"w-flipbox-back-desc\"><p>Proteja y salvaguarde su informaci\u00f3n con la ayuda de las marcas l\u00edderes de antivirus en el mercado: Kaspersky y ESET.<\/p>\n<\/div><\/div><\/div><\/div><\/div><\/div><\/div><\/div><\/div><\/div><\/div><div class=\"wpb_column vc_column_container\"><div class=\"vc_column-inner\"><div class=\"g-cols wpb_row via_grid cols_custom laptops-cols_inherit tablets-cols_inherit mobiles-cols_1 valign_top type_default stacking_default\" style=\"--custom-columns:6fr 2fr 2fr 2fr \"><div class=\"wpb_column vc_column_container\"><div class=\"vc_column-inner\"><div class=\"w-separator size_medium with_line width_default thick_1 style_solid color_border align_center\"><div class=\"w-separator-h\"><\/div><\/div><div class=\"wpb_text_column\"><div class=\"wpb_wrapper\"><h2>SOLUCIONES PARA EMPRESAS, GOBIERNO Y EDUCACI\u00d3N<\/h2>\n<\/div><\/div><div class=\"wpb_text_column\"><div class=\"wpb_wrapper\"><p>Contamos con los esquemas de licenciamiento adecuados para cada tipo de organizaci\u00f3n. Por lo que no s\u00f3lo dispondr\u00e1s de la soluci\u00f3n de software correcta, si no adem\u00e1s obtendr\u00e1s el mejor precio del mercado al contar con promociones exclusivas para ti.<\/p>\n<\/div><\/div><div class=\"w-separator size_custom\" style=\"height:32px\"><\/div><\/div><\/div><div class=\"wpb_column vc_column_container\"><div class=\"vc_column-inner\"><div class=\"ult_pricing_table_wrap ult_info_table ult_design_4  ult-cs-red  \">\n\t\t\t\t\t<div class=\"ult_pricing_table \" style=\" \"><div id=\"Info-table-wrap-8308\" class=\"ult_pricing_heading\">\n\t\t\t\t\t\t\t<h3 class=\"ult-responsive\"  data-ultimate-target='#Info-table-wrap-8308 h3'  data-responsive-json-new='{\"font-size\":\"\",\"line-height\":\"\"}'  style=\"font-weight:normal;\">SOLUCIONES PARA GOBIERNO<\/h3><\/div><!--ult_pricing_heading--><div class=\"ult_price_body_block\">\n\t\t\t\t\t\t\t<div class=\"ult_price_body\">\n\t\t\t\t\t\t\t\t<div class=\"ult_price\">\n\t\t\t\t\t\t\t\t\t<div class=\"ult-just-icon-wrapper  \"><div class=\"align-icon\" style=\"text-align:center;\">\n<div class=\"aio-icon none \"  style=\"color:#333333;font-size:36px;display:inline-block;\">\n\t<i class=\"Defaults-bank institution university\"><\/i>\n<\/div><\/div><\/div>\n\t\t\t\t\t\t\t\t<\/div>\n\t\t\t\t\t\t\t<\/div>\n\t\t\t\t\t\t<\/div><!--ult_price_body_block--><div id=\"info_table_features_wrap-2714\"  data-ultimate-target='#info_table_features_wrap-2714.ult_price_features'  data-responsive-json-new='{\"font-size\":\"\",\"line-height\":\"\"}'  class=\"ult-responsive ult_price_features\" style=\"font-weight:normal;\">\n\t\t\t\t\t\t\t<p>Reduzca sus tiempos mediante flujos de trabajo optimizados con aplicaciones originales que permitan organizar y eficientar el flujo de trabajo documental.<\/p>\n\n\t\t\t\t\t\t<\/div><!--ult_price_features--><div class=\"ult_clr\"><\/div>\n\t\t\t<\/div><!--pricing_table-->\n\t\t<\/div><!--pricing_table_wrap--><\/div><\/div><div class=\"wpb_column vc_column_container\"><div class=\"vc_column-inner\"><div class=\"ult_pricing_table_wrap ult_info_table ult_design_4  ult-cs-red  \">\n\t\t\t\t\t<div class=\"ult_pricing_table \" style=\" \"><div id=\"Info-table-wrap-5370\" class=\"ult_pricing_heading\">\n\t\t\t\t\t\t\t<h3 class=\"ult-responsive\"  data-ultimate-target='#Info-table-wrap-5370 h3'  data-responsive-json-new='{\"font-size\":\"\",\"line-height\":\"\"}'  style=\"font-weight:normal;\">SOLUCIONES PARA ESCUELAS<\/h3><\/div><!--ult_pricing_heading--><div class=\"ult_price_body_block\">\n\t\t\t\t\t\t\t<div class=\"ult_price_body\">\n\t\t\t\t\t\t\t\t<div class=\"ult_price\">\n\t\t\t\t\t\t\t\t\t<div class=\"ult-just-icon-wrapper  \"><div class=\"align-icon\" style=\"text-align:center;\">\n<div class=\"aio-icon none \"  style=\"color:#333333;font-size:36px;display:inline-block;\">\n\t<i class=\"Defaults-graduation-cap mortar-board\"><\/i>\n<\/div><\/div><\/div>\n\t\t\t\t\t\t\t\t<\/div>\n\t\t\t\t\t\t\t<\/div>\n\t\t\t\t\t\t<\/div><!--ult_price_body_block--><div id=\"info_table_features_wrap-6427\"  data-ultimate-target='#info_table_features_wrap-6427.ult_price_features'  data-responsive-json-new='{\"font-size\":\"\",\"line-height\":\"\"}'  class=\"ult-responsive ult_price_features\" style=\"font-weight:normal;\">\n\t\t\t\t\t\t\t<p>Forme a los profesionales del ma\u00f1ana con lo \u00faltimo de software genuino. Licencie Facultades o toda la Instituci\u00f3n, pudiendo extender beneficios a alumnos.<\/p>\n\n\t\t\t\t\t\t<\/div><!--ult_price_features--><div class=\"ult_clr\"><\/div>\n\t\t\t<\/div><!--pricing_table-->\n\t\t<\/div><!--pricing_table_wrap--><\/div><\/div><div class=\"wpb_column vc_column_container\"><div class=\"vc_column-inner\"><div class=\"ult_pricing_table_wrap ult_info_table ult_design_4  ult-cs-red  \">\n\t\t\t\t\t<div class=\"ult_pricing_table \" style=\" \"><div id=\"Info-table-wrap-2165\" class=\"ult_pricing_heading\">\n\t\t\t\t\t\t\t<h3 class=\"ult-responsive\"  data-ultimate-target='#Info-table-wrap-2165 h3'  data-responsive-json-new='{\"font-size\":\"\",\"line-height\":\"\"}'  style=\"font-weight:normal;\">SOLUCIONES PARA EMPRESAS<\/h3><\/div><!--ult_pricing_heading--><div class=\"ult_price_body_block\">\n\t\t\t\t\t\t\t<div class=\"ult_price_body\">\n\t\t\t\t\t\t\t\t<div class=\"ult_price\">\n\t\t\t\t\t\t\t\t\t<div class=\"ult-just-icon-wrapper  \"><div class=\"align-icon\" style=\"text-align:center;\">\n<div class=\"aio-icon none \"  style=\"color:#333333;font-size:36px;display:inline-block;\">\n\t<i class=\"Defaults-building-o\"><\/i>\n<\/div><\/div><\/div>\n\t\t\t\t\t\t\t\t<\/div>\n\t\t\t\t\t\t\t<\/div>\n\t\t\t\t\t\t<\/div><!--ult_price_body_block--><div id=\"info_table_features_wrap-3135\"  data-ultimate-target='#info_table_features_wrap-3135.ult_price_features'  data-responsive-json-new='{\"font-size\":\"\",\"line-height\":\"\"}'  class=\"ult-responsive ult_price_features\" style=\"font-weight:normal;\">\n\t\t\t\t\t\t\t<p>Obtenga software original como servicio en plazos adecuados a sus proyectos. Resultando en un ahorro considerable al s\u00f3lo usar justo lo que necesita.<\/p>\n\n\t\t\t\t\t\t<\/div><!--ult_price_features--><div class=\"ult_clr\"><\/div>\n\t\t\t<\/div><!--pricing_table-->\n\t\t<\/div><!--pricing_table_wrap--><\/div><\/div><\/div><\/div><\/div><div class=\"wpb_column vc_column_container\"><div class=\"vc_column-inner\"><div class=\"g-cols wpb_row via_grid cols_custom laptops-cols_inherit tablets-cols_inherit mobiles-cols_1 valign_top type_default stacking_default\" style=\"--custom-columns:6fr 3fr 3fr \"><div class=\"wpb_column vc_column_container\"><div class=\"vc_column-inner\"><div class=\"w-separator size_medium with_line width_default thick_1 style_solid color_border align_center\"><div class=\"w-separator-h\"><\/div><\/div><div class=\"wpb_text_column\"><div class=\"wpb_wrapper\"><h2>BENEFICIOS<\/h2>\n<\/div><\/div><div class=\"w-separator size_custom\" style=\"height:32px\"><\/div><\/div><\/div><div class=\"wpb_column vc_column_container\"><div class=\"vc_column-inner\"><div class=\"smile_icon_list_wrap ult_info_list_container ult-adjust-bottom-margin  \"><ul class=\"smile_icon_list left hexagon\"><li class=\"icon_list_item\" style=\" font-size:72px;\"><div class=\"icon_list_icon\" data-animation=\"\" data-animation-delay=\"03\" style=\"font-size:24px;background:#dd3333;color:#ffffff;border-color:#dd3333;\"><i class=\"Defaults-check\" ><\/i><\/div><div class=\"icon_description\" id=\"Info-list-wrap-9377\" style=\"font-size:24px;\"><h3 class=\"ult-responsive info-list-heading\"  data-ultimate-target='#Info-list-wrap-9377 h3'  data-responsive-json-new='{\"font-size\":\"desktop:16px;\",\"line-height\":\"desktop:24px;\"}'  style=\"\">LICENCIAMIENTO POR VOLUMEN<\/h3><div class=\"icon_description_text ult-responsive\"  data-ultimate-target='#Info-list-wrap-9377 .icon_description_text'  data-responsive-json-new='{\"font-size\":\"desktop:13px;\",\"line-height\":\"desktop:18px;\"}'  style=\"\"><p>Administraci\u00f3n simplificada de sus licencias a trav\u00e9s de una plataforma.<\/p>\n<\/div><\/div><div class=\"icon_list_connector\" data-animation=\"fadeInUp\" data-animation-delay=\"03\" style=\"border-right-width: 1px;border-right-style: dashed;border-color: #333333;\"><\/div><\/li><li class=\"icon_list_item\" style=\" font-size:72px;\"><div class=\"icon_list_icon\" data-animation=\"\" data-animation-delay=\"03\" style=\"font-size:24px;background:#dd3333;color:#ffffff;border-color:#dd3333;\"><i class=\"Defaults-check\" ><\/i><\/div><div class=\"icon_description\" id=\"Info-list-wrap-8394\" style=\"font-size:24px;\"><h3 class=\"ult-responsive info-list-heading\"  data-ultimate-target='#Info-list-wrap-8394 h3'  data-responsive-json-new='{\"font-size\":\"desktop:16px;\",\"line-height\":\"desktop:24px;\"}'  style=\"\">SOLUCIONES ROBUSTAS<\/h3><div class=\"icon_description_text ult-responsive\"  data-ultimate-target='#Info-list-wrap-8394 .icon_description_text'  data-responsive-json-new='{\"font-size\":\"desktop:13px;\",\"line-height\":\"desktop:18px;\"}'  style=\"\"><p>Utilice un conjunto de servicios de grado empresarial de alta confiabilidad.<\/p>\n<\/div><\/div><div class=\"icon_list_connector\" data-animation=\"fadeInUp\" data-animation-delay=\"03\" style=\"border-right-width: 1px;border-right-style: dashed;border-color: #333333;\"><\/div><\/li><li class=\"icon_list_item\" style=\" font-size:72px;\"><div class=\"icon_list_icon\" data-animation=\"\" data-animation-delay=\"03\" style=\"font-size:24px;background:#dd3333;color:#ffffff;border-color:#dd3333;\"><i class=\"Defaults-check\" ><\/i><\/div><div class=\"icon_description\" id=\"Info-list-wrap-1676\" style=\"font-size:24px;\"><h3 class=\"ult-responsive info-list-heading\"  data-ultimate-target='#Info-list-wrap-1676 h3'  data-responsive-json-new='{\"font-size\":\"desktop:16px;\",\"line-height\":\"desktop:24px;\"}'  style=\"\">PAGO POR USO JUSTO<\/h3><div class=\"icon_description_text ult-responsive\"  data-ultimate-target='#Info-list-wrap-1676 .icon_description_text'  data-responsive-json-new='{\"font-size\":\"desktop:13px;\",\"line-height\":\"desktop:18px;\"}'  style=\"\"><p>Opci\u00f3n de adquir o suscribirse al software por distintos periodos de tiempo.<\/p>\n<\/div><\/div><div class=\"icon_list_connector\" data-animation=\"fadeInUp\" data-animation-delay=\"03\" style=\"border-right-width: 1px;border-right-style: dashed;border-color: #333333;\"><\/div><\/li><\/ul><\/div><\/div><\/div><div class=\"wpb_column vc_column_container\"><div class=\"vc_column-inner\"><div class=\"smile_icon_list_wrap ult_info_list_container ult-adjust-bottom-margin  \"><ul class=\"smile_icon_list left hexagon\"><li class=\"icon_list_item\" style=\" font-size:72px;\"><div class=\"icon_list_icon\" data-animation=\"\" data-animation-delay=\"03\" style=\"font-size:24px;background:#dd3333;color:#ffffff;border-color:#dd3333;\"><i class=\"Defaults-check\" ><\/i><\/div><div class=\"icon_description\" id=\"Info-list-wrap-6747\" style=\"font-size:24px;\"><h3 class=\"ult-responsive info-list-heading\"  data-ultimate-target='#Info-list-wrap-6747 h3'  data-responsive-json-new='{\"font-size\":\"desktop:16px;\",\"line-height\":\"desktop:24px;\"}'  style=\"\">AHORRO<\/h3><div class=\"icon_description_text ult-responsive\"  data-ultimate-target='#Info-list-wrap-6747 .icon_description_text'  data-responsive-json-new='{\"font-size\":\"desktop:13px;\",\"line-height\":\"desktop:18px;\"}'  style=\"\"><p>Precios, productos y condiciones especiales para cada sector. <\/p>\n<\/div><\/div><div class=\"icon_list_connector\" data-animation=\"fadeInUp\" data-animation-delay=\"03\" style=\"border-right-width: 1px;border-right-style: dashed;border-color: #333333;\"><\/div><\/li><li class=\"icon_list_item\" style=\" font-size:72px;\"><div class=\"icon_list_icon\" data-animation=\"\" data-animation-delay=\"03\" style=\"font-size:24px;background:#dd3333;color:#ffffff;border-color:#dd3333;\"><i class=\"Defaults-check\" ><\/i><\/div><div class=\"icon_description\" id=\"Info-list-wrap-1016\" style=\"font-size:24px;\"><h3 class=\"ult-responsive info-list-heading\"  data-ultimate-target='#Info-list-wrap-1016 h3'  data-responsive-json-new='{\"font-size\":\"desktop:16px;\",\"line-height\":\"desktop:24px;\"}'  style=\"\">CONSULTOR\u00cdA<\/h3><div class=\"icon_description_text ult-responsive\"  data-ultimate-target='#Info-list-wrap-1016 .icon_description_text'  data-responsive-json-new='{\"font-size\":\"desktop:13px;\",\"line-height\":\"desktop:18px;\"}'  style=\"\"><p>Lo asesoramos para adquirir o suscribirse al software que necesite.<\/p>\n<\/div><\/div><div class=\"icon_list_connector\" data-animation=\"fadeInUp\" data-animation-delay=\"03\" style=\"border-right-width: 1px;border-right-style: dashed;border-color: #333333;\"><\/div><\/li><li class=\"icon_list_item\" style=\" font-size:72px;\"><div class=\"icon_list_icon\" data-animation=\"\" data-animation-delay=\"03\" style=\"font-size:24px;background:#dd3333;color:#ffffff;border-color:#dd3333;\"><i class=\"Defaults-check\" ><\/i><\/div><div class=\"icon_description\" id=\"Info-list-wrap-1285\" style=\"font-size:24px;\"><h3 class=\"ult-responsive info-list-heading\"  data-ultimate-target='#Info-list-wrap-1285 h3'  data-responsive-json-new='{\"font-size\":\"desktop:16px;\",\"line-height\":\"desktop:24px;\"}'  style=\"\">CUMPLIMIENTO NORMATIVO<\/h3><div class=\"icon_description_text ult-responsive\"  data-ultimate-target='#Info-list-wrap-1285 .icon_description_text'  data-responsive-json-new='{\"font-size\":\"desktop:13px;\",\"line-height\":\"desktop:18px;\"}'  style=\"\"><p>Este al d\u00eda con software original que le permite cumplir las leyes aplicables.<\/p>\n<\/div><\/div><div class=\"icon_list_connector\" data-animation=\"fadeInUp\" data-animation-delay=\"03\" style=\"border-right-width: 1px;border-right-style: dashed;border-color: #333333;\"><\/div><\/li><\/ul><\/div><\/div><\/div><\/div><\/div><\/div><\/div><\/div><\/section><section class=\"l-section wpb_row height_huge color_secondary with_img parallax_ver\"><div class=\"l-section-img\" data-img-width=\"1949\" data-img-height=\"770\" style=\"background-image: url(https:\/\/www.megasis.com.mx\/home\/wp-content\/uploads\/2017\/08\/bg_preguntas.jpg);\"><\/div><div class=\"l-section-h i-cf\"><div class=\"g-cols vc_row via_grid cols_1 laptops-cols_inherit tablets-cols_inherit mobiles-cols_1 valign_top type_default stacking_default\"><div class=\"wpb_column vc_column_container\"><div class=\"vc_column-inner\"><div class=\"w-actionbox us_custom_4076faf9 has_text_color color_light controls_right\"><div class=\"w-actionbox-text\"><h3 class=\"w-actionbox-title\" style=\"font-size:32px\">\u00bfQuieres saber m\u00e1s?<\/h3><div class=\"w-actionbox-description\"><p>Cont\u00e1ctanos, estamos para ayudarte.<\/p>\n<\/div><\/div><div class=\"w-actionbox-controls\"><a class=\"w-btn us-btn-style_1\" href=\"http:\/\/www.megasis.com.mx\/home\/contact\/\" style=\"font-size:18px;\"><span class=\"w-btn-label\">Contactanos<\/span><\/a><\/div><\/div><\/div><\/div><\/div><\/div><\/section>\n","protected":false},"excerpt":{"rendered":"LICENCIAMIENTO Cuente con las herramientas adecuadas para el trabajo y cumpla la normatividad vigente al mismo tiempo \u201cUNA ESTRATEGIA BUENA RECONOCE LOS DESAF\u00cdOS A LOS QUE SE ENFRENTA Y OFRECE UN ENFOQUE PARA SUPERARLOS\u201d &#8212; Richard Rumelt, Te\u00f3rico Organizacional Estadounidense MEJORE SU PRODUCTIVIDAD CON HERRAMIENTAS MODERNAS QUE LE PERMITAN LOGRAR SUS OBJETIVOS A trav\u00e9s de...","protected":false},"author":1,"featured_media":0,"parent":0,"menu_order":0,"comment_status":"closed","ping_status":"closed","template":"","meta":[],"_links":{"self":[{"href":"https:\/\/www.megasis.com.mx\/home\/wp-json\/wp\/v2\/pages\/4145"}],"collection":[{"href":"https:\/\/www.megasis.com.mx\/home\/wp-json\/wp\/v2\/pages"}],"about":[{"href":"https:\/\/www.megasis.com.mx\/home\/wp-json\/wp\/v2\/types\/page"}],"author":[{"embeddable":true,"href":"https:\/\/www.megasis.com.mx\/home\/wp-json\/wp\/v2\/users\/1"}],"replies":[{"embeddable":true,"href":"https:\/\/www.megasis.com.mx\/home\/wp-json\/wp\/v2\/comments?post=4145"}],"version-history":[{"count":18,"href":"https:\/\/www.megasis.com.mx\/home\/wp-json\/wp\/v2\/pages\/4145\/revisions"}],"predecessor-version":[{"id":4460,"href":"https:\/\/www.megasis.com.mx\/home\/wp-json\/wp\/v2\/pages\/4145\/revisions\/4460"}],"wp:attachment":[{"href":"https:\/\/www.megasis.com.mx\/home\/wp-json\/wp\/v2\/media?parent=4145"}],"curies":[{"name":"wp","href":"https:\/\/api.w.org\/{rel}","templated":true}]}}